{"id":2044,"date":"2024-11-12T13:26:52","date_gmt":"2024-11-12T12:26:52","guid":{"rendered":"https:\/\/www.philippkaider.at\/?page_id=2044"},"modified":"2024-11-12T13:58:25","modified_gmt":"2024-11-12T12:58:25","slug":"elementor-2044","status":"publish","type":"page","link":"https:\/\/www.philippkaider.at\/?page_id=2044","title":{"rendered":"Elementor #2044"},"content":{"rendered":"\t\t<div data-elementor-type=\"wp-page\" data-elementor-id=\"2044\" class=\"elementor elementor-2044\">\n\t\t\t\t\t\t\t\t\t<section class=\"elementor-section elementor-top-section elementor-element elementor-element-481bff7 elementor-section-boxed elementor-section-height-default elementor-section-height-default\" data-id=\"481bff7\" data-element_type=\"section\">\n\t\t\t\t\t\t<div class=\"elementor-container elementor-column-gap-default\">\n\t\t\t\t\t<div class=\"elementor-column elementor-col-100 elementor-top-column elementor-element elementor-element-37c216e\" data-id=\"37c216e\" data-element_type=\"column\">\n\t\t\t<div class=\"elementor-widget-wrap elementor-element-populated\">\n\t\t\t\t\t\t\t\t<section class=\"elementor-section elementor-inner-section elementor-element elementor-element-e1e29e5 elementor-section-boxed elementor-section-height-default elementor-section-height-default\" data-id=\"e1e29e5\" data-element_type=\"section\">\n\t\t\t\t\t\t<div class=\"elementor-container elementor-column-gap-default\">\n\t\t\t\t\t<div class=\"elementor-column elementor-col-50 elementor-inner-column elementor-element elementor-element-a395bdb\" data-id=\"a395bdb\" data-element_type=\"column\">\n\t\t\t<div class=\"elementor-widget-wrap elementor-element-populated\">\n\t\t\t\t\t\t\t\t<div class=\"elementor-element elementor-element-8c34d84 elementor-widget elementor-widget-text-editor\" data-id=\"8c34d84\" data-element_type=\"widget\" data-widget_type=\"text-editor.default\">\n\t\t\t\t<div class=\"elementor-widget-container\">\n\t\t\t\t\t\t\t<h3><b>Kaider holt Vize-Weltmeistertitel<\/b><\/h3>\n<p><strong>Nach 159 Stunden im Sattel \u00fcberquerte der Nieder\u00f6sterreicher Philipp Kaider heute um kurz nach 6 Uhr morgens die Ziellinie bei der Ultracycling-WM im Rahmen des Race Around Poland. Widrigste Wetterbedingungen, ein st\u00e4ndiges mentales Auf und Ab und das beinahe Aus kurz nach der H\u00e4lfte der 3600km konnte Kaider nicht davon abhalten, das Rennen zu beenden.<\/strong><\/p>\n<p>Die gr\u00f6\u00dfte sportliche Herausforderung<\/p>\n<p>Vorigen Samstag um 14:40 Uhr startete Kaider mit seinen Betreuern von Warschau aus in sein bisher l\u00e4ngstes Abenteuer. 3600km mit \u00fcber 30.000 H\u00f6henmeter galt es zu absolvieren. Und es lief wie am Schn\u00fcrchen. Von Beginn machte der amtierende \u00f6sterreichische Meister auf der Ultradistanz Druck und holte auf seine Konkurrenten einen guten Vorsprung heraus, den er auch \u00fcber die bergigen Passagen an der polnisch\/slowakischen Grenze halten konnte. Gut getimte Schlafpausen und ein perfekt zusammengespieltes Team lie\u00dfen die Titelchancen von Kilometer zu Kilometer steigen.<\/p>\n<p>Als Halbzeitf\u00fchrender ging es danach auf den flachen Teil der Strecke. Ein Teil, der dem der 24h-Zeitfahr-Weltmeister von 2022 liegt. Nach einer l\u00e4ngeren Schlafpause bei der sein gr\u00f6\u00dfter Mitstreiter, der Deutsche Rainer Steinberger an ihm vorbeizog, kam dann der gro\u00dfe Schock: Durch eine kurze Unachtsamkeit kollidierte das Betreuerauto mit Kaider, der vom Rad flog und sich kleinere Sch\u00fcrfwunden dabei zuzog. Das weitaus gr\u00f6\u00dfere Problem aber das ben\u00f6tigte Betreuerauto, welches dabei im Stra\u00dfengraben zu erliegen kam und sich keinen Meter mehr bewegte. Der absolute Tiefpunkt! \u201eWie ich da auf der Stra\u00dfe gelegen bin, das war schon ein gro\u00dfer Schock. Wir wussten danach nicht, ob der Rahmen des Rades kaputt ist oder nicht und ob das Auto ganz ist. Wenn der Pannendienst das Auto aber in Gang bringt, dann war klar, dass wir das Rennen zu Ende fahren. Um nichts sonst ist es mir in diesem Moment gegangen. Wir machen das und wir probieren es. Aufgeben k\u00f6nnen wir immer noch sagten wir uns\u201c, so Kaider \u00fcber den wom\u00f6glich rennentscheidenden Zwischenfall.<\/p>\n<p>Die Aufholjagd beginnt<\/p>\n<p>Nach knapp f\u00fcnf Stunden Zwangspause, bei der auch der Drittplatzierte Ralph Diseviscourt an Kaider vorbeizog, kam dann die Entwarnung: Das Auto funktionierte und das Rennen ging weiter. Auch wenn Steinberger schon sprichw\u00f6rtlich \u00fcber alle Berge war &#8211; Kaider holte Kilometer f\u00fcr Kilometer auf. \u201eIch habe dann zuerst den Ralph zur\u00fcck\u00fcberholt und bin dem Rainer immer n\u00e4hergekommen. Ich war schon auf 75km dran und h\u00e4tte noch knapp zwei Tage Zeit gehabt. Leider hat mein letzter Angriff aber nicht funktioniert und dann hat sich die Patellasehne zudem entz\u00fcndet.<\/p>\n<p>Nichts desto trotz k\u00e4mpfte der Intensivkrankenpfleger des Krankenhauses Mistelbach mit seinem Team um jeden Kilometer und gegen widrigste Bedingungen. War es zu Beginn des Rennens br\u00fctend hei\u00df, kamen im Laufe des Rennens immer wieder heftige Gewitter mit starken Regenf\u00e4llen auf. Kaider lie\u00df sich aber nicht beirren und strampelte dem Ziel entgegen. \u201eDie letzten 400km waren aber die gr\u00f6\u00dfte Herausforderung. Ich war noch nie so am Sand. Ich habe voll reingetreten und keinen Druck auf das Pedal gebracht. Ich war voll verzweifelt. Es tut einem eh alles weh und man ist m\u00fcde. Dann hab ich mir aber gedacht, es wird sicher wieder besser werden. Tja und das wurde es auch, wenn auch erst heute in der Fr\u00fch\u201c, lacht der Nieder\u00f6sterreicher, der dann nochmals Spitzen bis zu 400 Watt treten konnte.<\/p>\n<p>Um 06:09 Uhr erreichte der Rekordhalter durch \u00d6sterreich nach 159h 29min 42sec wieder Warschau und holt sich damit den Vize-Weltmeistertitel. \u201eDer 2. Platz ist viel wert. Ich war stark und konnte meine Leistung voll langen durchhalten. So, wie ich das jetzt mache, hat das extrem gut hingehauen. Schade ist, dass ich den Rainer nicht mehr einholen konnte, aber das ist letztendlich egal. Ich habe meine Leistung und die Teamleistung gesehen und das gilt es zu bewerten. Ich bin auf alle so stolz, wie wir hier zusammengearbeitet haben\u201c, freut sich Kaider im Ziel und f\u00fcgt an: \u201eMental bin ich bereit, f\u00fcr was auch immer kommt!\u201c<\/p>\n<p>Die 3600km ist der Nieder\u00f6sterreicher f\u00fcr Bines Radlchallenge gefahren, die in Geld umgewandelt werden und dem Charityprojekt &#8222;Sonne-International&#8220; und damit Stra\u00dfenkindern in Myanmar zugutekommen.<\/p>\n<p>Ergebnisse (nach Ende des Rennens und Ver\u00f6ffentlichung): https:\/\/racearoundpoland.pl\/results<\/p>\n<p>Website Race Around Poland: https:\/\/racearoundpoland.pl\/<\/p>\n<p>Strecke: https:\/\/ridewithgps.com\/routes\/46505934<\/p>\n<p>Foto:<span style=\"font-size: 14px;\">&nbsp;\u00a9 RAP\/DamianLugowski<\/span><\/p>\t\t\t\t\t\t<\/div>\n\t\t\t\t<\/div>\n\t\t\t\t\t<\/div>\n\t\t<\/div>\n\t\t\t\t<div class=\"elementor-column elementor-col-50 elementor-inner-column elementor-element elementor-element-5f8b64e\" data-id=\"5f8b64e\" data-element_type=\"column\">\n\t\t\t<div class=\"elementor-widget-wrap elementor-element-populated\">\n\t\t\t\t\t\t\t\t<div class=\"elementor-element elementor-element-4d5bf0c elementor-widget__width-initial elementor-widget elementor-widget-image\" data-id=\"4d5bf0c\" data-element_type=\"widget\" data-widget_type=\"image.default\">\n\t\t\t\t<div class=\"elementor-widget-container\">\n\t\t\t\t\t\t\t\t\t\t\t\t\t\t\t<img decoding=\"async\" width=\"1000\" height=\"667\" src=\"https:\/\/www.philippkaider.at\/wp-content\/uploads\/2024\/11\/Vize_Weltmeister_PS.jpg\" class=\"attachment-large size-large wp-image-2047\" alt=\"\" loading=\"lazy\" srcset=\"https:\/\/www.philippkaider.at\/wp-content\/uploads\/2024\/11\/Vize_Weltmeister_PS.jpg 1000w, https:\/\/www.philippkaider.at\/wp-content\/uploads\/2024\/11\/Vize_Weltmeister_PS-300x200.jpg 300w, https:\/\/www.philippkaider.at\/wp-content\/uploads\/2024\/11\/Vize_Weltmeister_PS-768x512.jpg 768w\" sizes=\"(max-width: 1000px) 100vw, 1000px\" \/>\t\t\t\t\t\t\t\t\t\t\t\t\t\t\t<\/div>\n\t\t\t\t<\/div>\n\t\t\t\t\t<\/div>\n\t\t<\/div>\n\t\t\t\t\t\t\t<\/div>\n\t\t<\/section>\n\t\t\t\t<div class=\"elementor-element elementor-element-200d912 elementor-widget elementor-widget-text-editor\" data-id=\"200d912\" data-element_type=\"widget\" data-widget_type=\"text-editor.default\">\n\t\t\t\t<div class=\"elementor-widget-container\">\n\t\t\t\t\t\t\t\t\t\t\t\t\t<\/div>\n\t\t\t\t<\/div>\n\t\t\t\t\t<\/div>\n\t\t<\/div>\n\t\t\t\t\t\t\t<\/div>\n\t\t<\/section>\n\t\t\t\t\t\t\t<\/div>\n\t\t","protected":false},"excerpt":{"rendered":"<p>Kaider holt Vize-Weltmeistertitel Nach 159 Stunden im Sattel \u00fcberquerte der Nieder\u00f6sterreicher Philipp Kaider heute um kurz nach 6 Uhr morgens die Ziellinie bei der Ultracycling-WM im Rahmen des Race Around Poland. Widrigste Wetterbedingungen, ein st\u00e4ndiges mentales Auf und Ab und das beinahe Aus kurz nach der H\u00e4lfte der 3600km konnte Kaider nicht davon abhalten, das [&hellip;]<\/p>\n","protected":false},"author":1,"featured_media":0,"parent":0,"menu_order":0,"comment_status":"closed","ping_status":"closed","template":"","meta":{"_monsterinsights_skip_tracking":false,"_monsterinsights_sitenote_active":false,"_monsterinsights_sitenote_note":"","_monsterinsights_sitenote_category":0},"_links":{"self":[{"href":"https:\/\/www.philippkaider.at\/index.php?rest_route=\/wp\/v2\/pages\/2044"}],"collection":[{"href":"https:\/\/www.philippkaider.at\/index.php?rest_route=\/wp\/v2\/pages"}],"about":[{"href":"https:\/\/www.philippkaider.at\/index.php?rest_route=\/wp\/v2\/types\/page"}],"author":[{"embeddable":true,"href":"https:\/\/www.philippkaider.at\/index.php?rest_route=\/wp\/v2\/users\/1"}],"replies":[{"embeddable":true,"href":"https:\/\/www.philippkaider.at\/index.php?rest_route=%2Fwp%2Fv2%2Fcomments&post=2044"}],"version-history":[{"count":8,"href":"https:\/\/www.philippkaider.at\/index.php?rest_route=\/wp\/v2\/pages\/2044\/revisions"}],"predecessor-version":[{"id":2063,"href":"https:\/\/www.philippkaider.at\/index.php?rest_route=\/wp\/v2\/pages\/2044\/revisions\/2063"}],"wp:attachment":[{"href":"https:\/\/www.philippkaider.at\/index.php?rest_route=%2Fwp%2Fv2%2Fmedia&parent=2044"}],"curies":[{"name":"wp","href":"https:\/\/api.w.org\/{rel}","templated":true}]}}

<div data-elementor-type="wp-page" data-elementor-id="2044" class="elementor elementor-2044">
									<section class="elementor-section elementor-top-section elementor-element elementor-element-481bff7 elementor-section-boxed elementor-section-height-default elementor-section-height-default" data-id="481bff7" data-element_type="section">
						<div class="elementor-container elementor-column-gap-default">
					<div class="elementor-column elementor-col-100 elementor-top-column elementor-element elementor-element-37c216e" data-id="37c216e" data-element_type="column">
			<div class="elementor-widget-wrap elementor-element-populated">
								<section class="elementor-section elementor-inner-section elementor-element elementor-element-e1e29e5 elementor-section-boxed elementor-section-height-default elementor-section-height-default" data-id="e1e29e5" data-element_type="section">
						<div class="elementor-container elementor-column-gap-default">
					<div class="elementor-column elementor-col-50 elementor-inner-column elementor-element elementor-element-a395bdb" data-id="a395bdb" data-element_type="column">
			<div class="elementor-widget-wrap elementor-element-populated">
								<div class="elementor-element elementor-element-8c34d84 elementor-widget elementor-widget-text-editor" data-id="8c34d84" data-element_type="widget" data-widget_type="text-editor.default">
				<div class="elementor-widget-container">
							<h3><b>Kaider holt Vize-Weltmeistertitel</b></h3>
<p><strong>Nach 159 Stunden im Sattel überquerte der Niederösterreicher Philipp Kaider heute um kurz nach 6 Uhr morgens die Ziellinie bei der Ultracycling-WM im Rahmen des Race Around Poland. Widrigste Wetterbedingungen, ein ständiges mentales Auf und Ab und das beinahe Aus kurz nach der Hälfte der 3600km konnte Kaider nicht davon abhalten, das Rennen zu beenden.</strong></p>
<p>Die größte sportliche Herausforderung</p>
<p>Vorigen Samstag um 14:40 Uhr startete Kaider mit seinen Betreuern von Warschau aus in sein bisher längstes Abenteuer. 3600km mit über 30.000 Höhenmeter galt es zu absolvieren. Und es lief wie am Schnürchen. Von Beginn machte der amtierende österreichische Meister auf der Ultradistanz Druck und holte auf seine Konkurrenten einen guten Vorsprung heraus, den er auch über die bergigen Passagen an der polnisch/slowakischen Grenze halten konnte. Gut getimte Schlafpausen und ein perfekt zusammengespieltes Team ließen die Titelchancen von Kilometer zu Kilometer steigen.</p>
<p>Als Halbzeitführender ging es danach auf den flachen Teil der Strecke. Ein Teil, der dem der 24h-Zeitfahr-Weltmeister von 2022 liegt. Nach einer längeren Schlafpause bei der sein größter Mitstreiter, der Deutsche Rainer Steinberger an ihm vorbeizog, kam dann der große Schock: Durch eine kurze Unachtsamkeit kollidierte das Betreuerauto mit Kaider, der vom Rad flog und sich kleinere Schürfwunden dabei zuzog. Das weitaus größere Problem aber das benötigte Betreuerauto, welches dabei im Straßengraben zu erliegen kam und sich keinen Meter mehr bewegte. Der absolute Tiefpunkt! „Wie ich da auf der Straße gelegen bin, das war schon ein großer Schock. Wir wussten danach nicht, ob der Rahmen des Rades kaputt ist oder nicht und ob das Auto ganz ist. Wenn der Pannendienst das Auto aber in Gang bringt, dann war klar, dass wir das Rennen zu Ende fahren. Um nichts sonst ist es mir in diesem Moment gegangen. Wir machen das und wir probieren es. Aufgeben können wir immer noch sagten wir uns“, so Kaider über den womöglich rennentscheidenden Zwischenfall.</p>
<p>Die Aufholjagd beginnt</p>
<p>Nach knapp fünf Stunden Zwangspause, bei der auch der Drittplatzierte Ralph Diseviscourt an Kaider vorbeizog, kam dann die Entwarnung: Das Auto funktionierte und das Rennen ging weiter. Auch wenn Steinberger schon sprichwörtlich über alle Berge war &#8211; Kaider holte Kilometer für Kilometer auf. „Ich habe dann zuerst den Ralph zurücküberholt und bin dem Rainer immer nähergekommen. Ich war schon auf 75km dran und hätte noch knapp zwei Tage Zeit gehabt. Leider hat mein letzter Angriff aber nicht funktioniert und dann hat sich die Patellasehne zudem entzündet.</p>
<p>Nichts desto trotz kämpfte der Intensivkrankenpfleger des Krankenhauses Mistelbach mit seinem Team um jeden Kilometer und gegen widrigste Bedingungen. War es zu Beginn des Rennens brütend heiß, kamen im Laufe des Rennens immer wieder heftige Gewitter mit starken Regenfällen auf. Kaider ließ sich aber nicht beirren und strampelte dem Ziel entgegen. „Die letzten 400km waren aber die größte Herausforderung. Ich war noch nie so am Sand. Ich habe voll reingetreten und keinen Druck auf das Pedal gebracht. Ich war voll verzweifelt. Es tut einem eh alles weh und man ist müde. Dann hab ich mir aber gedacht, es wird sicher wieder besser werden. Tja und das wurde es auch, wenn auch erst heute in der Früh“, lacht der Niederösterreicher, der dann nochmals Spitzen bis zu 400 Watt treten konnte.</p>
<p>Um 06:09 Uhr erreichte der Rekordhalter durch Österreich nach 159h 29min 42sec wieder Warschau und holt sich damit den Vize-Weltmeistertitel. „Der 2. Platz ist viel wert. Ich war stark und konnte meine Leistung voll langen durchhalten. So, wie ich das jetzt mache, hat das extrem gut hingehauen. Schade ist, dass ich den Rainer nicht mehr einholen konnte, aber das ist letztendlich egal. Ich habe meine Leistung und die Teamleistung gesehen und das gilt es zu bewerten. Ich bin auf alle so stolz, wie wir hier zusammengearbeitet haben“, freut sich Kaider im Ziel und fügt an: „Mental bin ich bereit, für was auch immer kommt!“</p>
<p>Die 3600km ist der Niederösterreicher für Bines Radlchallenge gefahren, die in Geld umgewandelt werden und dem Charityprojekt &#8222;Sonne-International&#8220; und damit Straßenkindern in Myanmar zugutekommen.</p>
<p>Ergebnisse (nach Ende des Rennens und Veröffentlichung): https://racearoundpoland.pl/results</p>
<p>Website Race Around Poland: https://racearoundpoland.pl/</p>
<p>Strecke: https://ridewithgps.com/routes/46505934</p>
<p>Foto:<span style="font-size: 14px;">&nbsp;© RAP/DamianLugowski</span></p>						</div>
				</div>
					</div>
		</div>
				<div class="elementor-column elementor-col-50 elementor-inner-column elementor-element elementor-element-5f8b64e" data-id="5f8b64e" data-element_type="column">
			<div class="elementor-widget-wrap elementor-element-populated">
								<div class="elementor-element elementor-element-4d5bf0c elementor-widget__width-initial elementor-widget elementor-widget-image" data-id="4d5bf0c" data-element_type="widget" data-widget_type="image.default">
				<div class="elementor-widget-container">
															<img decoding="async" width="1000" height="667" src="https://www.philippkaider.at/wp-content/uploads/2024/11/Vize_Weltmeister_PS.jpg" class="attachment-large size-large wp-image-2047" alt="" loading="lazy" srcset="https://www.philippkaider.at/wp-content/uploads/2024/11/Vize_Weltmeister_PS.jpg 1000w, https://www.philippkaider.at/wp-content/uploads/2024/11/Vize_Weltmeister_PS-300x200.jpg 300w, https://www.philippkaider.at/wp-content/uploads/2024/11/Vize_Weltmeister_PS-768x512.jpg 768w" sizes="(max-width: 1000px) 100vw, 1000px" />															</div>
				</div>
					</div>
		</div>
							</div>
		</section>
				<div class="elementor-element elementor-element-200d912 elementor-widget elementor-widget-text-editor" data-id="200d912" data-element_type="widget" data-widget_type="text-editor.default">
				<div class="elementor-widget-container">
													</div>
				</div>
					</div>
		</div>
							</div>
		</section>
							</div>

<p>Kaider holt Vize-Weltmeistertitel Nach 159 Stunden im Sattel überquerte der Niederösterreicher Philipp Kaider heute um kurz nach 6 Uhr morgens die Ziellinie bei der Ultracycling-WM im Rahmen des Race Around Poland. Widrigste Wetterbedingungen, ein ständiges mentales Auf und Ab und das beinahe Aus kurz nach der Hälfte der 3600km konnte Kaider nicht davon abhalten, das [&hellip;]</p>
