{"id":2088,"date":"2024-11-27T09:34:55","date_gmt":"2024-11-27T08:34:55","guid":{"rendered":"https:\/\/www.philippkaider.at\/?page_id=2088"},"modified":"2024-11-27T10:06:18","modified_gmt":"2024-11-27T09:06:18","slug":"elementor-2088","status":"publish","type":"page","link":"https:\/\/www.philippkaider.at\/?page_id=2088","title":{"rendered":"Elementor #2088"},"content":{"rendered":"\t\t<div data-elementor-type=\"wp-page\" data-elementor-id=\"2088\" class=\"elementor elementor-2088\">\n\t\t\t\t\t\t\t\t\t<section class=\"elementor-section elementor-top-section elementor-element elementor-element-0cbae97 elementor-section-boxed elementor-section-height-default elementor-section-height-default\" data-id=\"0cbae97\" data-element_type=\"section\">\n\t\t\t\t\t\t<div class=\"elementor-container elementor-column-gap-default\">\n\t\t\t\t\t<div class=\"elementor-column elementor-col-100 elementor-top-column elementor-element elementor-element-801ccb5\" data-id=\"801ccb5\" data-element_type=\"column\">\n\t\t\t<div class=\"elementor-widget-wrap elementor-element-populated\">\n\t\t\t\t\t\t\t\t<section class=\"elementor-section elementor-inner-section elementor-element elementor-element-ceba8e5 elementor-section-boxed elementor-section-height-default elementor-section-height-default\" data-id=\"ceba8e5\" data-element_type=\"section\">\n\t\t\t\t\t\t<div class=\"elementor-container elementor-column-gap-default\">\n\t\t\t\t\t<div class=\"elementor-column elementor-col-50 elementor-inner-column elementor-element elementor-element-209a071\" data-id=\"209a071\" data-element_type=\"column\">\n\t\t\t<div class=\"elementor-widget-wrap elementor-element-populated\">\n\t\t\t\t\t\t\t\t<div class=\"elementor-element elementor-element-51c51a7 elementor-widget elementor-widget-text-editor\" data-id=\"51c51a7\" data-element_type=\"widget\" data-widget_type=\"text-editor.default\">\n\t\t\t\t<div class=\"elementor-widget-container\">\n\t\t\t\t\t\t\t<h3>Philipp Kaider radelt f\u00fcr den guten Zweck<\/h3><p>Der amtierende 24h-Zeitfahr-Weltmeister Philipp Kaider radelte am Montag, den 25. November 2024, im Wiener Einkaufszentrum \u201eWien Mitte &#8211; The Mall\u201c f\u00fcr den guten Zweck. Von 09:00 bis 20:00 Uhr wurden auf vier R\u00e4dern insgesamt 1230 Kilometer geradelt und \u00fcber \u20ac 5.000,- f\u00fcr HILFE IM EIGENEN LAND an Spenden gesammelt. Prominente Unterst\u00fctzung bekam Kaider dabei vom Radweltmeister Roland K\u00f6nigshofer, dem ehemaligen Landeshauptmann Dr. Erwin Pr\u00f6ll und u.a. Nieder\u00f6sterreichs Landtagspr\u00e4sident Mag. Karl Wilfing. Auch Hausherr und Center-Manager Florian Richter lie\u00df es sich nicht nehmen die vollen elf Stunden in die Pedale zu treten. <br \/>\u00a0<br \/>\u00dcber die Hilfsorganisation \u201eHilfe im eigenen Land\u201c werden die erradelten Spenden f\u00fcr verunfallte Sportler:innen und vom Hochwasser Betroffene verwendet. Ein Grund warum Kaider diese Aktion ins Leben gerufen hat, ist Radkollege Karl Pfuisi, der bei einem Radrennen vor zwei Jahren mit einem Auto kollidierte und seit diesem Zeitpunkt querschnittgel\u00e4hmt ist. \u201eMir hat das viel bedeutet, dass mir Philipp, wie ich damals auf der Intensivstation gelegen bin, viele Nachrichten geschrieben hat. Mich hat das aufgebaut. Das war eine gro\u00dfe Motivation\u201c, so Pfuisi, der von der Steiermark extra nach Wien anreiste und aktuell selbst auch indoor auf seinem Handbike viele Kilometer radelt. \u201eWenn er nicht kann, dann unterst\u00fctze ich ihn und wenn ich nicht mehr kann bei meinen Rennen, dann denke ich mir oft: Was w\u00fcrde jetzt wohl der Karl tun? Und dann stellt sich mir die Frage schon gar nicht mehr, denn Karl w\u00fcrde einfach weitermachen. Er ist der St\u00e4rkere von uns!, so Kaider. <br \/>\u00a0<br \/>Auf einen der vier von MaxYou zur Verf\u00fcgung gestellten Indoorbikes radelte auch Dr. Erwin Pr\u00f6ll, der mit seiner Frau, die Pr\u00e4sidentin der Hilfsorganisation HILFE IM EIGENEN LAND, mit Kaider Kilometer sammelte. \u201eMein Mann ist ein leidenschaftlicher Radfahrer, ich gehe lieber. Ich hoffe, dass er viele Kilometer zusammenbringt, dass ich dann auch stolz auf ihn sein kann\u201c, feuerte Sissy Pr\u00f6ll ihren Mann und die Radfahrer am Podest im Wiener Einkaufszentrum an. Bei einem Unfall oder Todesfall, oder wie auch beim Hochwasser im heurigen Sommer hilft HILFE IM EIGENEN LAND sofort und unb\u00fcrokratisch. Dass 24-Zeitfahr-Weltmeister Philipp Kaider f\u00fcr diese Hilfsorganisation radelt begeistert auch Dr. Erwin Pr\u00f6ll: \u201eDas ist eine einzigartige Idee. F\u00fcr mich war es \u00fcberhaupt ein vollkommen neues Erlebnis, weil ich das erste Mal mit einem Monitor (Anm.: es wurde auf der Plattform Zwift geradelt) vor mir indoor geradelt bin. Es ist ein Ansporn, man f\u00e4hrt durch eine sch\u00f6ne Landschaft. Es ist schon sch\u00f6n, wenn man wei\u00df, dass es Menschen gibt, die wie Philipp Kaider f\u00fcr extreme Leistungen geeignet sind und er einfach sagt, dass er dies f\u00fcr die Allgemeinheit macht. Eine wirklich tolle Sache. Und ich muss auch f\u00fcr meine Frau Sissy sagen, dass dieses Geld, was hier hereinkommt auch gut angelegt ist!\u201c Ob er 11 Stunden auch radeln w\u00fcrde, dar\u00fcber schmunzelte er: \u201eNein, ich glaube nicht. Das will ich gar nicht anstreben, denn ich glaube nach der dritten oder vierten Stunde falle ich automatisch vom Rad.\u201c<br \/>\u00a0<br \/>\u201eGro\u00dfartig! Wir sind am iPad durch eine sch\u00f6ne Weingegend Frankreichs geradelt. Damit hat man gleich mehr Motivation in die Pedale zu treten. Ich finde es gro\u00dfartig, wenn Menschen, die solche H\u00f6chstleistungen erbringen auch an jene denken, die es schwerer im Leben haben und hier f\u00fcr Hilfe im eigenen Land ihre Fitness einbringen\u201c, so Nieder\u00f6sterreichs Landtagspr\u00e4sident Mag. Karl Wilfing, der mit Dr. Erwin Pr\u00f6ll ein internes Duell hatte, wer mehr Kilometer f\u00e4hrt.<br \/>\u00a0<br \/>Mit dem gr\u00f6\u00dftem Einkaufszentrum in der Wiener Innenstadt wurde f\u00fcr die Charityakiton ein idealer Standort gefunden und auch Center-Manager Florian Richter, der \u00fcber die gesamte Zeit kr\u00e4ftig in die Pedale trat, zeigte sich begeistert: &#8222;Das ist ein Standort mit hoher Frequenz und hier kann man sehr hohe Aufmerksam erzeugen. Und wenn gute Dinge auf uns zukommen, dann sind wir gleich Feuer und Flamme&#8220;<br \/>\u00a0<br \/>Mit den erradelten Kilometern, die die beiden Firmen Radiometer und druckmittel.at in Spendengeld umwandelten, zeigt sich Philipp Kaider sehr zufrieden und auch \u00fcber seine l\u00e4ngste Indooreinheit erstaunt: \u201eElf Stunden in einem Einkaufszentrum zu radeln, da ist soviel mehr passiert, als ich mir je gedacht habe. Es sind so viele Leute durchgelaufen, es haben sich so viele im Vorfeld einen Slot gebucht, sind mitgeradelt und es hat immer was zum Reden gegeben. Ich glaube in einem Einkaufszentrum erreichst du viele Leute und es ist eine gute M\u00f6glichkeit Pr\u00e4senz zu zeigen und dass man sich f\u00fcr etwas Gutes einsetzt!\u201c<br \/>\u00a0<br \/>F\u00fcr all jene, die die Charityaktion verpasst haben und im Rahmen dieser Aktion Hilfe im eigenen Land unterst\u00fctzen m\u00f6chten, k\u00f6nnen dies noch bis Montag, den 2. Dezember tun:<br \/>\u00a0<br \/>HILFE IM EIGENEN LAND<br \/>IBAN: AT25 3200 0000 1220 0002<br \/>BIC: RLNWATWW<br \/>Verwendungszweck: Rad Charity<\/p><p>Foto: \u00a9 Martin Steiger<\/p>\t\t\t\t\t\t<\/div>\n\t\t\t\t<\/div>\n\t\t\t\t\t<\/div>\n\t\t<\/div>\n\t\t\t\t<div class=\"elementor-column elementor-col-50 elementor-inner-column elementor-element elementor-element-ac85311\" data-id=\"ac85311\" data-element_type=\"column\">\n\t\t\t<div class=\"elementor-widget-wrap elementor-element-populated\">\n\t\t\t\t\t\t\t\t<div class=\"elementor-element elementor-element-49f8aba elementor-widget elementor-widget-image\" data-id=\"49f8aba\" data-element_type=\"widget\" data-widget_type=\"image.default\">\n\t\t\t\t<div class=\"elementor-widget-container\">\n\t\t\t\t\t\t\t\t\t\t\t\t\t\t\t<img decoding=\"async\" width=\"1000\" height=\"773\" src=\"https:\/\/www.philippkaider.at\/wp-content\/uploads\/2024\/11\/Kaider_Charity_074-Kopie.jpg\" class=\"attachment-large size-large wp-image-2090\" alt=\"\" loading=\"lazy\" srcset=\"https:\/\/www.philippkaider.at\/wp-content\/uploads\/2024\/11\/Kaider_Charity_074-Kopie.jpg 1000w, https:\/\/www.philippkaider.at\/wp-content\/uploads\/2024\/11\/Kaider_Charity_074-Kopie-300x232.jpg 300w, https:\/\/www.philippkaider.at\/wp-content\/uploads\/2024\/11\/Kaider_Charity_074-Kopie-768x594.jpg 768w\" sizes=\"(max-width: 1000px) 100vw, 1000px\" \/>\t\t\t\t\t\t\t\t\t\t\t\t\t\t\t<\/div>\n\t\t\t\t<\/div>\n\t\t\t\t\t<\/div>\n\t\t<\/div>\n\t\t\t\t\t\t\t<\/div>\n\t\t<\/section>\n\t\t\t\t\t<\/div>\n\t\t<\/div>\n\t\t\t\t\t\t\t<\/div>\n\t\t<\/section>\n\t\t\t\t\t\t\t<\/div>\n\t\t","protected":false},"excerpt":{"rendered":"<p>Philipp Kaider radelt f\u00fcr den guten Zweck Der amtierende 24h-Zeitfahr-Weltmeister Philipp Kaider radelte am Montag, den 25. November 2024, im Wiener Einkaufszentrum \u201eWien Mitte &#8211; The Mall\u201c f\u00fcr den guten Zweck. Von 09:00 bis 20:00 Uhr wurden auf vier R\u00e4dern insgesamt 1230 Kilometer geradelt und \u00fcber \u20ac 5.000,- f\u00fcr HILFE IM EIGENEN LAND an Spenden [&hellip;]<\/p>\n","protected":false},"author":1,"featured_media":0,"parent":0,"menu_order":0,"comment_status":"closed","ping_status":"closed","template":"","meta":{"_monsterinsights_skip_tracking":false,"_monsterinsights_sitenote_active":false,"_monsterinsights_sitenote_note":"","_monsterinsights_sitenote_category":0},"_links":{"self":[{"href":"https:\/\/www.philippkaider.at\/index.php?rest_route=\/wp\/v2\/pages\/2088"}],"collection":[{"href":"https:\/\/www.philippkaider.at\/index.php?rest_route=\/wp\/v2\/pages"}],"about":[{"href":"https:\/\/www.philippkaider.at\/index.php?rest_route=\/wp\/v2\/types\/page"}],"author":[{"embeddable":true,"href":"https:\/\/www.philippkaider.at\/index.php?rest_route=\/wp\/v2\/users\/1"}],"replies":[{"embeddable":true,"href":"https:\/\/www.philippkaider.at\/index.php?rest_route=%2Fwp%2Fv2%2Fcomments&post=2088"}],"version-history":[{"count":10,"href":"https:\/\/www.philippkaider.at\/index.php?rest_route=\/wp\/v2\/pages\/2088\/revisions"}],"predecessor-version":[{"id":2102,"href":"https:\/\/www.philippkaider.at\/index.php?rest_route=\/wp\/v2\/pages\/2088\/revisions\/2102"}],"wp:attachment":[{"href":"https:\/\/www.philippkaider.at\/index.php?rest_route=%2Fwp%2Fv2%2Fmedia&parent=2088"}],"curies":[{"name":"wp","href":"https:\/\/api.w.org\/{rel}","templated":true}]}}